{"id":222,"date":"2024-05-28T14:22:10","date_gmt":"2024-05-28T12:22:10","guid":{"rendered":"http:\/\/grimptx.cluster029.hosting.ovh.net\/?page_id=222"},"modified":"2024-06-09T22:33:54","modified_gmt":"2024-06-09T20:33:54","slug":"nous-rejoindre","status":"publish","type":"page","link":"https:\/\/grimptout.fr\/index.php\/nous-rejoindre\/","title":{"rendered":"NOUS REJOINDRE"},"content":{"rendered":"\n<div class=\"wp-block-columns alignwide are-vertically-aligned-top has-border-color has-tertiary-background-color has-background is-layout-flex wp-container-core-columns-is-layout-a5331a9e wp-block-columns-is-layout-flex\" style=\"border-color:#000000;border-radius:10px;padding-top:0;padding-right:0;padding-bottom:0;padding-left:0\">\n<div class=\"wp-block-column is-vertically-aligned-top is-layout-flow wp-block-column-is-layout-flow\" style=\"flex-basis:33.33%\">\n<figure class=\"wp-block-image size-large\"><img loading=\"lazy\" decoding=\"async\" width=\"1081\" height=\"1440\" src=\"http:\/\/grimptx.cluster029.hosting.ovh.net\/wp-content\/uploads\/2024\/05\/IMG_20171007_114019-1081x1440.jpg\" alt=\"\" class=\"wp-image-170\" srcset=\"https:\/\/grimptout.fr\/wp-content\/uploads\/2024\/05\/IMG_20171007_114019-1081x1440.jpg 1081w, https:\/\/grimptout.fr\/wp-content\/uploads\/2024\/05\/IMG_20171007_114019-768x1023.jpg 768w, https:\/\/grimptout.fr\/wp-content\/uploads\/2024\/05\/IMG_20171007_114019-1153x1536.jpg 1153w, https:\/\/grimptout.fr\/wp-content\/uploads\/2024\/05\/IMG_20171007_114019.jpg 1500w\" sizes=\"auto, (max-width: 1081px) 100vw, 1081px\" \/><\/figure>\n<\/div>\n\n\n\n<div class=\"wp-block-column is-vertically-aligned-top is-layout-flow wp-block-column-is-layout-flow\" style=\"padding-top:var(--wp--preset--spacing--20);padding-right:var(--wp--preset--spacing--20);padding-bottom:var(--wp--preset--spacing--20);padding-left:var(--wp--preset--spacing--20);flex-basis:66.66%\">\n<h4 class=\"wp-block-heading\">COMIT\u00c9 DIRECTEUR<\/h4>\n\n\n\n<h5 class=\"wp-block-heading\">Les membres du bureau (Pr\u00e9sident, Secr\u00e9taire, Tr\u00e9sorier)<\/h5>\n\n\n\n<p><strong>Communication<\/strong><br>Site web ; Email aux membres ; Partenariat ; Mairie\u2026<\/p>\n\n\n\n<p><strong>Gestion administratives<\/strong><br>Inscriptions ; Tr\u00e9sorerie ; FFME ; Dossiers ; R\u00e8glement ; \u00c9volution du club\u2026<\/p>\n\n\n\n<h5 class=\"wp-block-heading\">Les diff\u00e9rentes responsables des p\u00f4les<\/h5>\n\n\n\n<p>Il conseille le bureau et anime les p\u00f4les d\u2019activit\u00e9s.<\/p>\n<\/div>\n<\/div>\n\n\n\n<div class=\"wp-block-columns alignwide are-vertically-aligned-top has-border-color has-tertiary-background-color has-background is-layout-flex wp-container-core-columns-is-layout-a5331a9e wp-block-columns-is-layout-flex\" style=\"border-color:#000000;border-radius:10px;padding-top:0;padding-right:0;padding-bottom:0;padding-left:0\">\n<div class=\"wp-block-column is-vertically-aligned-top is-layout-flow wp-block-column-is-layout-flow\" style=\"flex-basis:33.33%\">\n<figure class=\"wp-block-image size-full\"><img loading=\"lazy\" decoding=\"async\" width=\"1600\" height=\"1200\" src=\"http:\/\/grimptx.cluster029.hosting.ovh.net\/wp-content\/uploads\/2024\/05\/WhatsApp-Image-2022-11-07-at-14.49.12-1.jpeg\" alt=\"\" class=\"wp-image-278\" srcset=\"https:\/\/grimptout.fr\/wp-content\/uploads\/2024\/05\/WhatsApp-Image-2022-11-07-at-14.49.12-1.jpeg 1600w, https:\/\/grimptout.fr\/wp-content\/uploads\/2024\/05\/WhatsApp-Image-2022-11-07-at-14.49.12-1-1024x768.jpeg 1024w, https:\/\/grimptout.fr\/wp-content\/uploads\/2024\/05\/WhatsApp-Image-2022-11-07-at-14.49.12-1-768x576.jpeg 768w, https:\/\/grimptout.fr\/wp-content\/uploads\/2024\/05\/WhatsApp-Image-2022-11-07-at-14.49.12-1-1536x1152.jpeg 1536w\" sizes=\"auto, (max-width: 1600px) 100vw, 1600px\" \/><\/figure>\n<\/div>\n\n\n\n<div class=\"wp-block-column is-vertically-aligned-top is-layout-flow wp-block-column-is-layout-flow\" style=\"padding-top:var(--wp--preset--spacing--20);padding-right:var(--wp--preset--spacing--20);padding-bottom:var(--wp--preset--spacing--20);padding-left:var(--wp--preset--spacing--20);flex-basis:66.66%\">\n<h4 class=\"wp-block-heading\">P\u00d4LE ENCADREMENT<\/h4>\n\n\n\n<h5 class=\"wp-block-heading\">MULTIPLIER nos CR\u00c9NEAUX<\/h5>\n\n\n\n<p><strong>Encadrement professionnel r\u00e9gulier de cours et sorties falaises<\/strong><br>Un encadrant professionnel anime un ensemble de cours jeunes et parfois adultes lorsqu&rsquo;on manque de b\u00e9n\u00e9voles.<br><em>Encadrement sur toute la saison (Quelques absences planifi\u00e9es occasionnelles sont possibles)<\/em>.<\/p>\n\n\n\n<p><strong>Encadrement b\u00e9n\u00e9vole r\u00e9gulier d\u2019un cours \u00ab Adulte \u00bb par semaine<\/strong><br>Deux encadrants b\u00e9n\u00e9voles sont au minimum pr\u00e9sent pour un cours adulte.<br>Ils initient \u00e0 l\u2019escalade en toute s\u00e9curit\u00e9 et proposent exercices et animations.<br><em>Encadrement une fois par semaine sur toute la saison (Quelques absences occasionnelles sont possibles)<\/em>.<\/p>\n\n\n\n<p><strong>Encadrement b\u00e9n\u00e9vole r\u00e9gulier d\u2019un cours \u00ab L\u00e9zard \u00bb par semaine<\/strong><br>Permettre d\u2019initier \u00e0 la grimpe des enfants de 4 \u00e0 7 ans qui seront assur\u00e9s par un parent accompagnateur.<br><em>Encadrement une fois par semaine sur toute la saison (Quelques absences occasionnelles sont possibles)<\/em>.<\/p>\n\n\n\n<p><strong>Encadrement b\u00e9n\u00e9vole de sorties falaise<\/strong><br>Proposer une ou plusieurs sortie falaise dans l&rsquo;ann\u00e9e.<\/p>\n\n\n\n<p><strong>Ouvreurs de salle b\u00e9n\u00e9vole : sessions \u00ab Famille &amp; Amis \u00bb et \u00ab Libre \u00bb<\/strong><br>Le r\u00f4le sera d\u2019ouvrir la salle et de garder un \u0153il sur le d\u00e9roulement de la session afin que tout se passe en parfaite s\u00e9curit\u00e9.<br>Seuls les titulaires du passeport FFME Orange sont autoris\u00e9s dans ce type de cr\u00e9neau.<br><em>Cr\u00e9neaux de surveillance r\u00e9guli\u00e8res ou ponctuels sur toute la saison. En g\u00e9n\u00e9ral il y a plusieurs ouvreurs de salle sur une m\u00eame session permettant ainsi aux ouvreurs de grimper \u00e0 tour de r\u00f4le<\/em>.<\/p>\n\n\n\n<p>Il est parfois demand\u00e9 de fa\u00e7on exceptionnel d&rsquo;aider l&rsquo;encadrement d&rsquo;un cours (pic d&rsquo;arriv\u00e9e de d\u00e9butants, remplacement d&rsquo;un des encadrants b\u00e9n\u00e9voles de cours&#8230;).<\/p>\n\n\n\n<p><strong>Aide encadrement \u00e0 un cours enfants<\/strong><br>Ces cours sont actuellement assur\u00e9s par des professionnels, mais toute aide b\u00e9n\u00e9vole est la bienvenue.<\/p>\n\n\n\n<div style=\"height:50px\" aria-hidden=\"true\" class=\"wp-block-spacer\"><\/div>\n\n\n\n<p><strong>Initiateur SAE \/ SNE<\/strong><\/p>\n\n\n\n<p>Nous proposons \u00e0 nos nouveaux encadrants de passer une formation pour devenir officiellement un initiateur d\u2019escalade en salle puis par la suite en milieu naturel. Ce sont des formations courtes adapt\u00e9es au b\u00e9n\u00e9volat. Votre club participe financi\u00e8rement pour vous former. Nous avons besoins qu\u2019une partie de nos encadrants puissent proposer ce niveau de certification.<\/p>\n<\/div>\n<\/div>\n\n\n\n<div class=\"wp-block-columns alignwide are-vertically-aligned-top has-border-color has-tertiary-background-color has-background is-layout-flex wp-container-core-columns-is-layout-a5331a9e wp-block-columns-is-layout-flex\" style=\"border-color:#000000;border-radius:10px;padding-top:0;padding-right:0;padding-bottom:0;padding-left:0\">\n<div class=\"wp-block-column is-vertically-aligned-top is-layout-flow wp-block-column-is-layout-flow\" style=\"flex-basis:33.33%\">\n<figure class=\"wp-block-image size-full\"><img loading=\"lazy\" decoding=\"async\" width=\"1600\" height=\"1200\" src=\"http:\/\/grimptx.cluster029.hosting.ovh.net\/wp-content\/uploads\/2024\/05\/WhatsApp-Image-2022-11-07-at-14.49.08-1.jpeg\" alt=\"\" class=\"wp-image-280\" srcset=\"https:\/\/grimptout.fr\/wp-content\/uploads\/2024\/05\/WhatsApp-Image-2022-11-07-at-14.49.08-1.jpeg 1600w, https:\/\/grimptout.fr\/wp-content\/uploads\/2024\/05\/WhatsApp-Image-2022-11-07-at-14.49.08-1-1024x768.jpeg 1024w, https:\/\/grimptout.fr\/wp-content\/uploads\/2024\/05\/WhatsApp-Image-2022-11-07-at-14.49.08-1-768x576.jpeg 768w, https:\/\/grimptout.fr\/wp-content\/uploads\/2024\/05\/WhatsApp-Image-2022-11-07-at-14.49.08-1-1536x1152.jpeg 1536w\" sizes=\"auto, (max-width: 1600px) 100vw, 1600px\" \/><\/figure>\n<\/div>\n\n\n\n<div class=\"wp-block-column is-vertically-aligned-top is-layout-flow wp-block-column-is-layout-flow\" style=\"padding-top:var(--wp--preset--spacing--20);padding-right:var(--wp--preset--spacing--20);padding-bottom:var(--wp--preset--spacing--20);padding-left:var(--wp--preset--spacing--20);flex-basis:66.66%\">\n<h4 class=\"wp-block-heading\">P\u00d4LE \u00c9V\u00c8NEMENTS<\/h4>\n\n\n\n<h5 class=\"wp-block-heading\">Faire vivre notre club<\/h5>\n\n\n\n<p><strong>Organisation du week-end Grimp\u2019tout<\/strong><br>Historiquement nous proposions un rassemblement par ann\u00e9e pour nos membres et leurs familles afin de partager un week-end d\u2019activit\u00e9 escalade, via-ferrata, canyoning.<br>Nous aimerions pouvoir retrouver cette dynamique.<\/p>\n\n\n\n<p><strong>Organisation du week-end Encadrant<\/strong><br>Pour que nos diff\u00e9rents encadrants puisse se retrouver entre eux dans un week-end de grimpe.<\/p>\n\n\n\n<p><strong>Organisation d\u2019une comp\u00e9tition<\/strong><br>Pour un tel \u00e9v\u00e9nement l\u2019ensemble du club est sollicit\u00e9, mais il faut une \u00e9quipe centrale pour aider le bureau.<br>L\u2019objectif est de chaque ann\u00e9e organiser un contest, une \u00e9tape de la coupe de l\u2019Ain, ou m\u00eame pourquoi pas une plus grosse comp\u00e9tition.<\/p>\n\n\n\n<p><strong>Suivi pour que nos membres puissent se rendre aux comp\u00e9titions<\/strong><br>Nous aimons pouvoir emmener nos grimpeurs petits et grands aux \u00e9tapes de la coupe de l\u2019Ain ou \u00e0 tout autre comp\u00e9tition ou contest qui se pr\u00e9senterait. Il faut donc les informer de ces comp\u00e9titions, les inviter \u00e0 s\u2019y inscrire, et faciliter l\u2019organisation d\u2019un covoiturage.<\/p>\n\n\n\n<p><strong>Organiser des ouvertures de voies<\/strong><br>Pour que notre mur \u00e9volue au fil de l\u2019ann\u00e9e.<\/p>\n<\/div>\n<\/div>\n\n\n\n<div class=\"wp-block-columns alignwide are-vertically-aligned-top has-border-color has-tertiary-background-color has-background is-layout-flex wp-container-core-columns-is-layout-a5331a9e wp-block-columns-is-layout-flex\" style=\"border-color:#000000;border-radius:10px;padding-top:0;padding-right:0;padding-bottom:0;padding-left:0\">\n<div class=\"wp-block-column is-vertically-aligned-top is-layout-flow wp-block-column-is-layout-flow\" style=\"flex-basis:33.33%\">\n<figure class=\"wp-block-image size-large\"><img loading=\"lazy\" decoding=\"async\" width=\"2160\" height=\"1440\" src=\"http:\/\/grimptx.cluster029.hosting.ovh.net\/wp-content\/uploads\/2024\/05\/IMG_6022-2160x1440.jpg\" alt=\"\" class=\"wp-image-178\" srcset=\"https:\/\/grimptout.fr\/wp-content\/uploads\/2024\/05\/IMG_6022-2160x1440.jpg 2160w, https:\/\/grimptout.fr\/wp-content\/uploads\/2024\/05\/IMG_6022-1024x683.jpg 1024w, https:\/\/grimptout.fr\/wp-content\/uploads\/2024\/05\/IMG_6022-768x512.jpg 768w, https:\/\/grimptout.fr\/wp-content\/uploads\/2024\/05\/IMG_6022-1536x1024.jpg 1536w, https:\/\/grimptout.fr\/wp-content\/uploads\/2024\/05\/IMG_6022-2048x1365.jpg 2048w\" sizes=\"auto, (max-width: 2160px) 100vw, 2160px\" \/><\/figure>\n<\/div>\n\n\n\n<div class=\"wp-block-column is-vertically-aligned-top is-layout-flow wp-block-column-is-layout-flow\" style=\"padding-top:var(--wp--preset--spacing--20);padding-right:var(--wp--preset--spacing--20);padding-bottom:var(--wp--preset--spacing--20);padding-left:var(--wp--preset--spacing--20);flex-basis:66.66%\">\n<h4 class=\"wp-block-heading\">P\u00d4LE \u00c9QUIPEMENT<\/h4>\n\n\n\n<h5 class=\"wp-block-heading\">relever ses d\u00e9fis en toute s\u00e9curit\u00e9<\/h5>\n\n\n\n<p><strong>Suivi du mat\u00e9riel (EPI) et inventaire<\/strong><br>Assurer un contr\u00f4le r\u00e9gulier de l\u2019\u00e9tat de notre mat\u00e9riel de s\u00e9curit\u00e9 et consigner ce suivi dans notre classeur EPI.<\/p>\n\n\n\n<p><strong>Proposer des achats de mat\u00e9riel<\/strong><br>Harnais, Prises d\u2019escalade\u2026<\/p>\n<\/div>\n<\/div>\n","protected":false},"excerpt":{"rendered":"<p>COMIT\u00c9 DIRECTEUR Les membres du bureau (Pr\u00e9sident, Secr\u00e9taire, Tr\u00e9sorier) CommunicationSite web ; Email aux membres ; Partenariat ; Mairie\u2026 Gestion administrativesInscriptions ; Tr\u00e9sorerie ; FFME ; Dossiers ; R\u00e8glement ; \u00c9volution du club\u2026 Les diff\u00e9rentes responsables des p\u00f4les Il conseille le bureau et anime les p\u00f4les d\u2019activit\u00e9s. P\u00d4LE ENCADREMENT MULTIPLIER nos CR\u00c9NEAUX Encadrement professionnel r\u00e9gulier [&hellip;]<\/p>\n","protected":false},"author":3,"featured_media":180,"parent":0,"menu_order":0,"comment_status":"closed","ping_status":"closed","template":"","meta":{"footnotes":""},"class_list":["post-222","page","type-page","status-publish","has-post-thumbnail","hentry"],"_links":{"self":[{"href":"https:\/\/grimptout.fr\/index.php\/wp-json\/wp\/v2\/pages\/222","targetHints":{"allow":["GET"]}}],"collection":[{"href":"https:\/\/grimptout.fr\/index.php\/wp-json\/wp\/v2\/pages"}],"about":[{"href":"https:\/\/grimptout.fr\/index.php\/wp-json\/wp\/v2\/types\/page"}],"author":[{"embeddable":true,"href":"https:\/\/grimptout.fr\/index.php\/wp-json\/wp\/v2\/users\/3"}],"replies":[{"embeddable":true,"href":"https:\/\/grimptout.fr\/index.php\/wp-json\/wp\/v2\/comments?post=222"}],"version-history":[{"count":10,"href":"https:\/\/grimptout.fr\/index.php\/wp-json\/wp\/v2\/pages\/222\/revisions"}],"predecessor-version":[{"id":608,"href":"https:\/\/grimptout.fr\/index.php\/wp-json\/wp\/v2\/pages\/222\/revisions\/608"}],"wp:featuredmedia":[{"embeddable":true,"href":"https:\/\/grimptout.fr\/index.php\/wp-json\/wp\/v2\/media\/180"}],"wp:attachment":[{"href":"https:\/\/grimptout.fr\/index.php\/wp-json\/wp\/v2\/media?parent=222"}],"curies":[{"name":"wp","href":"https:\/\/api.w.org\/{rel}","templated":true}]}}