{"id":257,"date":"2024-05-28T16:43:35","date_gmt":"2024-05-28T14:43:35","guid":{"rendered":"http:\/\/grimptx.cluster029.hosting.ovh.net\/?page_id=257"},"modified":"2026-03-22T13:48:27","modified_gmt":"2026-03-22T12:48:27","slug":"inscriptions","status":"publish","type":"page","link":"https:\/\/grimptout.fr\/index.php\/inscriptions\/","title":{"rendered":"INSCRIPTIONS"},"content":{"rendered":"\n<div class=\"wp-block-group alignwide is-vertical is-content-justification-center is-layout-flex wp-container-core-group-is-layout-ce155fab wp-block-group-is-layout-flex\">\n<p class=\"has-text-align-center has-x-large-font-size\"><strong>Les inscriptions pour cette saison sont closes.<\/strong><br><strong>La cr\u00e9ation de compte est d\u00e9sactiv\u00e9<\/strong><br><strong>Les informations \u00e0 jour pour la nouvelle saison arriveront vers mi juin 2026. <\/strong><\/p>\n\n\n\n<div class=\"wp-block-group alignwide has-border-color has-tertiary-background-color has-background is-layout-constrained wp-block-group-is-layout-constrained\" style=\"border-color:#000000;border-radius:10px\">\n<h4 class=\"wp-block-heading\">Calendrier de demande d&rsquo;inscription de la saison <strong>09-2025 au 06-2026<\/strong><\/h4>\n\n\n\n<p>LES INSCRIPTIONS QUI NE RESPECTENT PAS LES P\u00c9RIODES ANNONC\u00c9ES CI-DESSOUS NE SERONT PAS PRISES EN COMPTE !<\/p>\n\n\n\n<hr class=\"wp-block-separator has-alpha-channel-opacity\"\/>\n\n\n\n<p><strong>Au d\u00e9but de l\u2019\u00e9t\u00e9 : pour augmenter ses chances d\u2019avoir une place<\/strong><\/p>\n\n\n\n<details class=\"wp-block-details is-layout-flow wp-block-details-is-layout-flow\" open><summary>R\u00e9inscription des adh\u00e9rents actuels<\/summary>\n<div class=\"wp-block-group is-layout-constrained wp-container-core-group-is-layout-c8ee93ac wp-block-group-is-layout-constrained\" style=\"padding-right:var(--wp--preset--spacing--70);padding-left:var(--wp--preset--spacing--70)\">\n<p>Les r\u00e9-inscriptions se font entre le 18 juin 2025 \u00e0 21h et le 29 juin 2025 \u00e0 21h (pour rester prioritaires).<br>Vous pourrez faire des demandes par la suite mais vous ne serez alors plus prioritaires.<\/p>\n<\/div>\n<\/details>\n\n\n\n<details class=\"wp-block-details is-layout-flow wp-block-details-is-layout-flow\" open><summary>Inscription des personnes qui \u00e9taient en file d&rsquo;attente la saison pr\u00e9c\u00e9dente<\/summary>\n<div class=\"wp-block-group is-layout-constrained wp-container-core-group-is-layout-c8ee93ac wp-block-group-is-layout-constrained\" style=\"padding-right:var(--wp--preset--spacing--70);padding-left:var(--wp--preset--spacing--70)\">\n<p>Les inscriptions se font \u00e0 partir du 29 juin 2025 \u00e0 21h.<\/p>\n<\/div>\n<\/details>\n\n\n\n<details class=\"wp-block-details is-layout-flow wp-block-details-is-layout-flow\" open><summary>Inscription des membres de la famille des adh\u00e9rents actuels (au sens habitant \u00e0 la m\u00eame adresse)<\/summary>\n<div class=\"wp-block-group is-layout-constrained wp-container-core-group-is-layout-c8ee93ac wp-block-group-is-layout-constrained\" style=\"padding-right:var(--wp--preset--spacing--70);padding-left:var(--wp--preset--spacing--70)\">\n<p>Les inscriptions se font \u00e0 partir du 29 juin 2025 \u00e0 21h.<\/p>\n<\/div>\n<\/details>\n\n\n\n<details class=\"wp-block-details is-layout-flow wp-block-details-is-layout-flow\" open><summary>Inscription des habitants de Ferney-Voltaire, Ornex et Pr\u00e9vessin<\/summary>\n<div class=\"wp-block-group is-layout-constrained wp-container-core-group-is-layout-c8ee93ac wp-block-group-is-layout-constrained\" style=\"padding-right:var(--wp--preset--spacing--70);padding-left:var(--wp--preset--spacing--70)\">\n<p>Les inscriptions se font \u00e0 partir du 01 juillet 2025 \u00e0 21h.<br>(La cr\u00e9ation de nouveau compte sur l&rsquo;espace membre sera possible quelques heures avant)<\/p>\n<\/div>\n<\/details>\n\n\n\n<details class=\"wp-block-details is-layout-flow wp-block-details-is-layout-flow\" open><summary>Inscription des habitants des autres communes<\/summary>\n<div class=\"wp-block-group is-layout-constrained wp-container-core-group-is-layout-c8ee93ac wp-block-group-is-layout-constrained\" style=\"padding-right:var(--wp--preset--spacing--70);padding-left:var(--wp--preset--spacing--70)\">\n<p>Les inscriptions se font \u00e0 partir du 04 juillet 2025 \u00e0 21h.<\/p>\n<\/div>\n<\/details>\n\n\n\n<hr class=\"wp-block-separator has-alpha-channel-opacity\"\/>\n\n\n\n<p><strong>En cours de saison : septembre \u00e0 mars<\/strong><\/p>\n\n\n\n<p>Il est possible de demander \u00e0 s\u2019inscrire en cours de saison dans la limite des places disponibles mais il n\u2019est pas possible de faire une demande apr\u00e8s le mois de mars : la saison finissant en juin.<\/p>\n<\/div>\n\n\n\n<div style=\"height:32px\" aria-hidden=\"true\" class=\"wp-block-spacer wp-container-content-dee2fb34\"><\/div>\n\n\n\n<p><strong>Tarifs et contenu des cours ? : <a href=\"https:\/\/grimptout.fr\/index.php\/cours-sessions\/\" data-type=\"page\" data-id=\"259\">c&rsquo;est ici<\/a><\/strong><\/p>\n\n\n\n<div style=\"height:10px\" aria-hidden=\"true\" class=\"wp-block-spacer wp-container-content-728072c3\"><\/div>\n\n\n\n<div class=\"wp-block-group is-layout-constrained wp-container-core-group-is-layout-19e250f3 wp-block-group-is-layout-constrained\">\n<h6 class=\"wp-block-heading has-text-align-center\">Pour g\u00e9rer l&rsquo;inscription des membres de votre famille allez sur<\/h6>\n\n\n\n<div class=\"wp-block-buttons is-content-justification-center is-layout-flex wp-container-core-buttons-is-layout-d565fcec wp-block-buttons-is-layout-flex\" style=\"margin-top:var(--wp--preset--spacing--20);margin-bottom:var(--wp--preset--spacing--20)\">\n<div class=\"wp-block-button\"><a class=\"wp-block-button__link wp-element-button\" href=\"https:\/\/membres.grimptout.fr\/\">L&rsquo;espace membre<\/a><\/div>\n<\/div>\n\n\n\n<p class=\"has-text-align-center\"><strong>Lisez cependant le d\u00e9tail de la proc\u00e9dure d&rsquo;inscription plus bas<\/strong><\/p>\n<\/div>\n\n\n\n<div style=\"height:32px\" aria-hidden=\"true\" class=\"wp-block-spacer wp-container-content-dee2fb34\"><\/div>\n\n\n\n<div class=\"wp-block-group is-layout-constrained wp-container-core-group-is-layout-19e250f3 wp-block-group-is-layout-constrained\">\n<h6 class=\"wp-block-heading has-text-align-center\">Informations d&rsquo;assurances<\/h6>\n\n\n\n<p class=\"has-text-align-center has-small-font-size\"><em>(Nous vous conseillons tr\u00e8s fortement de s\u00e9lectionner durant votre inscription <strong>au minimum l&rsquo;assurance BASE<\/strong>.<br>Les assurances BASE, BASE+ et BASE++ vous couvrent en cas d&rsquo;accident sur votre personne. Sans cela vous n&rsquo;\u00eates probablement pas couvert par votre propre assurance dans le cadre d&rsquo;un accident d&rsquo;escalade)<\/em><\/p>\n\n\n\n<div class=\"wp-block-buttons is-content-justification-center is-layout-flex wp-container-core-buttons-is-layout-d565fcec wp-block-buttons-is-layout-flex\" style=\"margin-top:var(--wp--preset--spacing--20);margin-bottom:var(--wp--preset--spacing--20)\">\n<div class=\"wp-block-button\"><a class=\"wp-block-button__link wp-element-button\" href=\"https:\/\/www.montagne-escalade.com\/site\/BO\/documents\/2026-notice-assurance.pdf\">Notice d&rsquo;information d&rsquo;assurance<\/a><\/div>\n<\/div>\n<\/div>\n\n\n\n<div style=\"height:32px\" aria-hidden=\"true\" class=\"wp-block-spacer wp-container-content-dee2fb34\"><\/div>\n\n\n\n<div class=\"wp-block-group is-layout-constrained wp-block-group-is-layout-constrained\">\n<h6 class=\"wp-block-heading has-text-align-center\">Pour payer votre facture allez sur<\/h6>\n\n\n\n<div class=\"wp-block-buttons is-content-justification-center is-layout-flex wp-container-core-buttons-is-layout-d565fcec wp-block-buttons-is-layout-flex\" style=\"margin-top:var(--wp--preset--spacing--20);margin-bottom:var(--wp--preset--spacing--20)\">\n<div class=\"wp-block-button\"><a class=\"wp-block-button__link wp-element-button\" href=\"https:\/\/www.helloasso.com\/associations\/les-grimp-tout\/paiements\/paiement-pour-l-association-les-grimp-tout\">Paiment CB HelloAsso<\/a><\/div>\n<\/div>\n<\/div>\n\n\n\n<div class=\"wp-block-group alignwide is-layout-constrained wp-block-group-is-layout-constrained\">\n<p class=\"has-text-align-center has-small-font-size\"><mark style=\"background-color:rgba(0, 0, 0, 0)\" class=\"has-inline-color has-secondary-color\">Info :<\/mark> <em>certains organismes dont nous sommes partenaires peuvent permettre de payer une partie de l\u2019adh\u00e9sion de vos enfants et ils sont cumulables !<\/em><br><a href=\"https:\/\/ornex.fr\/solidarite\/les-jeunes\/\">Pour certains jeunes d\u2019Ornex : Dispositif pass\u2019sport<\/a><br><a href=\"https:\/\/cartejeunes01.ain.fr\">Pour certains coll\u00e9giens de l\u2019Ain : Carte Jeunes 01<\/a><br><a href=\"https:\/\/www.auvergnerhonealpes.fr\/passregion\">Pour certains lyc\u00e9ens : Le PASS&rsquo;R\u00e9gion jeunes<\/a><br><a href=\"https:\/\/www.pass.sports.gouv.fr\/\">Le Pass\u2019Sport (Gouvernement)<\/a><\/p>\n<\/div>\n\n\n\n<div style=\"height:32px\" aria-hidden=\"true\" class=\"wp-block-spacer wp-container-content-dee2fb34\"><\/div>\n\n\n\n<div class=\"wp-block-group alignwide has-border-color has-tertiary-background-color has-background is-layout-constrained wp-block-group-is-layout-constrained\" style=\"border-color:#000000;border-radius:10px\">\n<h4 class=\"wp-block-heading\">Proc\u00e9dure d&rsquo;inscription<\/h4>\n\n\n\n<p>Les inscriptions se d\u00e9roulent exclusivement par le biais du lien \u00ab espace membre \u00bb et selon le calendrier d\u00e9fini.<br><strong>Aucune inscription n&rsquo;est prise en compte par email.<\/strong><\/p>\n\n\n\n<p><em>Notez qu&rsquo;en vous inscrivant vous serez aussi inscrit \u00e0 la FFME. Une bonne partie de notre tarif d&rsquo;inscription b\u00e9n\u00e9ficie directement \u00e0 la FFME dans le cadre de l\u2019obtention de votre licence sportive<\/em>.<\/p>\n\n\n\n<hr class=\"wp-block-separator has-alpha-channel-opacity\"\/>\n\n\n\n<div class=\"wp-block-group is-layout-constrained wp-block-group-is-layout-constrained\">\n<h5 class=\"wp-block-heading\">1er \u00c9TAPE : Demande d&rsquo;inscription<\/h5>\n\n\n\n<p>Il est n\u00e9cessaire de poss\u00e9der un compte sur l\u2019espace membre.<br>La cr\u00e9ation de nouveaux comptes sur l\u2019espace membre est souvent volontairement d\u00e9sactiv\u00e9e d&rsquo;avril \u00e0 juin. Nous l&rsquo;activons quelques heures avant la phase des inscriptions des habitants de Ferney.<br>Suite au d\u00e9p\u00f4t de votre demande vous saurez imm\u00e9diatement si vous \u00eates en file d&rsquo;attente ou accept\u00e9s.<\/p>\n\n\n\n<ul class=\"wp-block-list\">\n<li>un seul compte sur l\u2019espace membre permet d\u2019inscrire tous les membres de la famille habitant \u00e0 la m\u00eame adresse<\/li>\n\n\n\n<li>il est possible d\u2019\u00e9tablir des souhaits de choix de cr\u00e9neau par ordre de pr\u00e9f\u00e9rence pour le cas des enfants<br>(Le choix pr\u00e9f\u00e9r\u00e9 sera le seul retenu s\u2019il reste de la place dans le cr\u00e9neau, sinon il y aura mise en file d\u2019attente du choix pr\u00e9f\u00e9r\u00e9 et placement dans le deuxi\u00e8me choix s\u2019il reste de la place etc\u2026 )<\/li>\n\n\n\n<li>il est possible de consulter les informations \u00e0 jour sur son emplacement sur la file d\u2019attente le cas \u00e9ch\u00e9ant<\/li>\n<\/ul>\n<\/div>\n\n\n\n<hr class=\"wp-block-separator has-alpha-channel-opacity\"\/>\n\n\n\n<div class=\"wp-block-group is-layout-constrained wp-block-group-is-layout-constrained\">\n<h5 class=\"wp-block-heading\">2\u00e8me \u00c9TAPE: Confirmer VOTRE SOUHAIT D&rsquo;inscription<\/h5>\n\n\n\n<p>Si vous n&rsquo;\u00eates pas ou plus en file d&rsquo;attente alors le processus d\u2019inscription d\u00e9finitive d\u00e9marre car une place vous est r\u00e9serv\u00e9e (Votre statut sur l&rsquo;espace membre est \u00ab\u00a0Pr\u00e9inscription accept\u00e9\u00a0\u00bb).<br><em>Cette \u00e9tape peut survenir imm\u00e9diatement \u00e0 la suite de la 1er \u00e9tape.<\/em><br><\/p>\n\n\n\n<p>En retournant sur l&rsquo;espace membre, des formulaires web compl\u00e9mentaire seront demand\u00e9s. Il faut <strong>les renseigner sans d\u00e9lai sinon on peut c\u00e9der votre place \u00e0 une autre personne sur file d&rsquo;attente<\/strong>.<\/p>\n<\/div>\n\n\n\n<hr class=\"wp-block-separator has-alpha-channel-opacity\"\/>\n\n\n\n<div class=\"wp-block-group is-layout-constrained wp-block-group-is-layout-constrained\">\n<h5 class=\"wp-block-heading\">3\u00e8me \u00c9TAPE: FINALISER VOTRE d&rsquo;inscription<\/h5>\n\n\n\n<p>Un certain temps sera n\u00e9cessaire pour que l&rsquo;\u00e9quipe de b\u00e9n\u00e9vole du club traite votre demande (Votre statut sur l&rsquo;espace membre est \u00ab\u00a0Dossier en validation\u00a0\u00bb puis \u00ab\u00a0Dossier complet\u00a0\u00bb).<\/p>\n\n\n\n<ul class=\"wp-block-list\">\n<li>votre facture sera \u00e9dit\u00e9e en g\u00e9n\u00e9ral sous un d\u00e9lai maximum de 2 semaines.<\/li>\n\n\n\n<li>vous pourrez, suite \u00e0 l\u2019\u00e9dition de votre facture, <strong>opter pour un r\u00e8glement en ligne<\/strong> (voir les modalit\u00e9s et le montant dans l&#8217;email que vous recevrez lors de la finalisation de votre inscriptions via l\u2019espace membre).<br>Nous sommes allergiques aux ch\u00e8ques bancaires.<\/li>\n\n\n\n<li>Si vous optez pour tout autre type de r\u00e8glement vous devrez alors venir \u00e0 l&rsquo;unique permanence du mois de septembre ; les dates vous seront communiqu\u00e9es par email.<\/li>\n\n\n\n<li><strong>L\u2019acc\u00e8s \u00e0 la salle n&rsquo;est possible que si l\u2019inscription est pay\u00e9e.<\/strong><\/li>\n<\/ul>\n\n\n\n<p><strong>Entre septembre et novembre votre club est susceptible d\u2019annuler rapidement vos demandes d\u2019inscriptions si les paiements ne sont pas per\u00e7us rapidement<\/strong> ceci afin de permettre de d\u00e9piler nos files d\u2019attente lorsque le demandeur n\u2019est pas assez actif pour finaliser son inscription.<\/p>\n\n\n\n<p>Sachez qu&rsquo;une s\u00e9ance d\u2019essai est syst\u00e9matiquement possible en septembre.<br>Nous pourrons vous rembourser si vous nous annoncez au maximum une semaine apr\u00e8s cette premi\u00e8re s\u00e9ance, vouloir annuler votre inscription.<br>Pour les inscriptions finalis\u00e9es \u00e0 partir du mois d\u2019octobre pensez \u00e0 nous indiquer si vous souhaitez faire une s\u00e9ance d\u2019essai.<\/p>\n<\/div>\n\n\n\n<hr class=\"wp-block-separator has-alpha-channel-opacity\"\/>\n\n\n\n<div class=\"wp-block-group is-layout-constrained wp-block-group-is-layout-constrained\">\n<h5 class=\"wp-block-heading\">4\u00e8me \u00c9TAPE: TRANSMISSION PAR LE CLUB DE VOTRE DOSSIER A La FFME<\/h5>\n\n\n\n<p>Votre club va transf\u00e9rer votre dossier \u00e0 la FFME (F\u00e9d\u00e9ration Fran\u00e7aise de la Montagne et de l\u2019Escalade). <strong>On le fait g\u00e9n\u00e9ralement \u00e0 partir de la fin du mois de septembre.<\/strong><br>Vous recevrez alors de la FFME des informations pour finaliser votre affiliation via leur site internet myFFME dont ils vous fournirons un acc\u00e8s par email.<br><strong>Il faudra y renseigner le r\u00e9sultat d\u2019un questionnaire sant\u00e9 qui permettra de valider votre licence FFME<\/strong> (peut n\u00e9cessiter de produire un certificat m\u00e9dical).<br>Surveillez donc les prochains emails de la FFME<\/p>\n\n\n\n<p><strong>Si vous ne prenez pas la peine de finaliser la d\u00e9marche finale envers la FFME vos assurances seront peut \u00eatre remise en question en cas d&rsquo;accident.<\/strong><\/p>\n<\/div>\n<\/div>\n<\/div>\n","protected":false},"excerpt":{"rendered":"<p>Les inscriptions pour cette saison sont closes.La cr\u00e9ation de compte est d\u00e9sactiv\u00e9Les informations \u00e0 jour pour la nouvelle saison arriveront vers mi juin 2026. Calendrier de demande d&rsquo;inscription de la saison 09-2025 au 06-2026 LES INSCRIPTIONS QUI NE RESPECTENT PAS LES P\u00c9RIODES ANNONC\u00c9ES CI-DESSOUS NE SERONT PAS PRISES EN COMPTE ! Au d\u00e9but de l\u2019\u00e9t\u00e9 [&hellip;]<\/p>\n","protected":false},"author":3,"featured_media":31,"parent":0,"menu_order":0,"comment_status":"closed","ping_status":"closed","template":"","meta":{"footnotes":""},"class_list":["post-257","page","type-page","status-publish","has-post-thumbnail","hentry"],"_links":{"self":[{"href":"https:\/\/grimptout.fr\/index.php\/wp-json\/wp\/v2\/pages\/257","targetHints":{"allow":["GET"]}}],"collection":[{"href":"https:\/\/grimptout.fr\/index.php\/wp-json\/wp\/v2\/pages"}],"about":[{"href":"https:\/\/grimptout.fr\/index.php\/wp-json\/wp\/v2\/types\/page"}],"author":[{"embeddable":true,"href":"https:\/\/grimptout.fr\/index.php\/wp-json\/wp\/v2\/users\/3"}],"replies":[{"embeddable":true,"href":"https:\/\/grimptout.fr\/index.php\/wp-json\/wp\/v2\/comments?post=257"}],"version-history":[{"count":73,"href":"https:\/\/grimptout.fr\/index.php\/wp-json\/wp\/v2\/pages\/257\/revisions"}],"predecessor-version":[{"id":1361,"href":"https:\/\/grimptout.fr\/index.php\/wp-json\/wp\/v2\/pages\/257\/revisions\/1361"}],"wp:featuredmedia":[{"embeddable":true,"href":"https:\/\/grimptout.fr\/index.php\/wp-json\/wp\/v2\/media\/31"}],"wp:attachment":[{"href":"https:\/\/grimptout.fr\/index.php\/wp-json\/wp\/v2\/media?parent=257"}],"curies":[{"name":"wp","href":"https:\/\/api.w.org\/{rel}","templated":true}]}}