{"id":793,"date":"2024-09-03T17:02:32","date_gmt":"2024-09-03T15:02:32","guid":{"rendered":"https:\/\/grimptout.fr\/?page_id=793"},"modified":"2025-09-14T16:11:03","modified_gmt":"2025-09-14T14:11:03","slug":"coupe-de-lain-ferney","status":"publish","type":"page","link":"https:\/\/grimptout.fr\/index.php\/coupe-de-lain-ferney\/","title":{"rendered":"Inscription \u00e0 la 1er \u00e9tape de la coupe de l&rsquo;Ain \u00e0 Ferney-Voltaire &#8211; 2 novembre 2025"},"content":{"rendered":"\n<div class=\"wp-block-group alignwide is-vertical is-content-justification-center is-layout-flex wp-container-core-group-is-layout-ce155fab wp-block-group-is-layout-flex\">\n<p class=\"has-text-align-center has-vivid-red-color has-text-color has-link-color wp-elements-7886fc85dc430af89e7562036ac8490b\"><strong>Cette coupe de l&rsquo;Ain est r\u00e9serv\u00e9 aux adh\u00e9rant de clubs situ\u00e9s dans le d\u00e9partement de l&rsquo;Ain<\/strong><\/p>\n\n\n\n<p class=\"has-text-align-center has-large-font-size\"><strong>Tarif 10\u20ac \u00e0 payer sur place<\/strong><\/p>\n\n\n\n<p class=\"has-text-align-center has-medium-font-size\">Pr\u00e9sentez vous imp\u00e9rativement au poste d&rsquo;inscription pour confirmer votre pr\u00e9sence<br>m\u00eame si c&rsquo;est votre propre club qui a d\u00e9cid\u00e9 de payer pour ses membres<\/p>\n<\/div>\n\n\n\n<div class=\"wp-block-group alignwide has-border-color has-primary-background-color has-background is-content-justification-center is-layout-constrained wp-block-group-is-layout-constrained\" style=\"border-color:#000000;border-radius:10px\">\n<h4 class=\"wp-block-heading\">Formulaire d&rsquo;inscription<\/h4>\n\n\n\n<div class=\"wp-block-contact-form-7-contact-form-selector\">\n<div class=\"wpcf7 no-js\" id=\"wpcf7-f792-o1\" lang=\"fr-FR\" dir=\"ltr\">\n<div class=\"screen-reader-response\"><p role=\"status\" aria-live=\"polite\" aria-atomic=\"true\"><\/p> <ul><\/ul><\/div>\n<form action=\"\/index.php\/wp-json\/wp\/v2\/pages\/793#wpcf7-f792-o1\" method=\"post\" class=\"wpcf7-form init\" aria-label=\"Formulaire de contact\" novalidate=\"novalidate\" data-status=\"init\">\n<div style=\"display: none;\">\n<input type=\"hidden\" name=\"_wpcf7\" value=\"792\" \/>\n<input type=\"hidden\" name=\"_wpcf7_version\" value=\"5.9.6\" \/>\n<input type=\"hidden\" name=\"_wpcf7_locale\" value=\"fr_FR\" \/>\n<input type=\"hidden\" name=\"_wpcf7_unit_tag\" value=\"wpcf7-f792-o1\" \/>\n<input type=\"hidden\" name=\"_wpcf7_container_post\" value=\"0\" \/>\n<input type=\"hidden\" name=\"_wpcf7_posted_data_hash\" value=\"\" \/>\n<\/div>\n<p><label> Nom du comp\u00e9titeur<br \/>\n<span class=\"wpcf7-form-control-wrap\" data-name=\"competitorName\"><input size=\"40\" maxlength=\"80\" class=\"wpcf7-form-control wpcf7-text wpcf7-validates-as-required\" aria-required=\"true\" aria-invalid=\"false\" placeholder=\"Nom\" value=\"\" type=\"text\" name=\"competitorName\" \/><\/span> <\/label>\n<\/p>\n<p><label> Pr\u00e9nom du comp\u00e9titeur<br \/>\n<span class=\"wpcf7-form-control-wrap\" data-name=\"competitorFirstname\"><input size=\"40\" maxlength=\"80\" class=\"wpcf7-form-control wpcf7-text wpcf7-validates-as-required\" aria-required=\"true\" aria-invalid=\"false\" placeholder=\"Pr\u00e9nom\" value=\"\" type=\"text\" name=\"competitorFirstname\" \/><\/span> <\/label>\n<\/p>\n<p><label> Date de naissance du comp\u00e9titeur<br \/>\n<span class=\"wpcf7-form-control-wrap\" data-name=\"birthday\"><input class=\"wpcf7-form-control wpcf7-date wpcf7-validates-as-required wpcf7-validates-as-date\" aria-required=\"true\" aria-invalid=\"false\" placeholder=\"Date naissance\" value=\"\" type=\"date\" name=\"birthday\" \/><\/span> <\/label>\n<\/p>\n<p><label> Cat\u00e9gorie<br \/>\n<span class=\"wpcf7-form-control-wrap\" data-name=\"category\"><select class=\"wpcf7-form-control wpcf7-select wpcf7-validates-as-required\" aria-required=\"true\" aria-invalid=\"false\" name=\"category\"><option value=\"\">&#8212;Veuillez choisir une option&#8212;<\/option><option value=\"U10 - (N\u00e9 en 2018) - Ne sera pas class\u00e9\">U10 - (N\u00e9 en 2018) - Ne sera pas class\u00e9<\/option><option value=\"U11 - (N\u00e9 entre 2016 et 2017)\">U11 - (N\u00e9 entre 2016 et 2017)<\/option><option value=\"U13 - (N\u00e9 entre 2014 et 2015)\">U13 - (N\u00e9 entre 2014 et 2015)<\/option><option value=\"U15 - (N\u00e9 entre 2012 et 2013)\">U15 - (N\u00e9 entre 2012 et 2013)<\/option><option value=\"U17 - (N\u00e9 entre 2010 et 2011)\">U17 - (N\u00e9 entre 2010 et 2011)<\/option><option value=\"U19 - (N\u00e9 entre 2008 et 2009)\">U19 - (N\u00e9 entre 2008 et 2009)<\/option><option value=\"SENIOR - (N\u00e9 entre 1987 et 2007)\">SENIOR - (N\u00e9 entre 1987 et 2007)<\/option><option value=\"VETERAN - (N\u00e9 jusqu&#039;en 1986)\">VETERAN - (N\u00e9 jusqu&#039;en 1986)<\/option><\/select><\/span> <\/label>\n<\/p>\n<p><label> Sexe<br \/>\n<span class=\"wpcf7-form-control-wrap\" data-name=\"sex\"><select class=\"wpcf7-form-control wpcf7-select wpcf7-validates-as-required\" aria-required=\"true\" aria-invalid=\"false\" name=\"sex\"><option value=\"\">&#8212;Veuillez choisir une option&#8212;<\/option><option value=\"f\u00e9minin\">f\u00e9minin<\/option><option value=\"masculin\">masculin<\/option><\/select><\/span> <\/label>\n<\/p>\n<p><label> Nom du Club du comp\u00e9titeur (Doit \u00eatre du d\u00e9partement de l'Ain)<br \/>\n<span class=\"wpcf7-form-control-wrap\" data-name=\"club\"><input size=\"40\" maxlength=\"80\" class=\"wpcf7-form-control wpcf7-text wpcf7-validates-as-required\" aria-required=\"true\" aria-invalid=\"false\" placeholder=\"Club de l&#039;Ain\" value=\"\" type=\"text\" name=\"club\" \/><\/span> <\/label>\n<\/p>\n<p><label> Email<br \/>\n<span class=\"wpcf7-form-control-wrap\" data-name=\"email\"><input size=\"40\" maxlength=\"80\" class=\"wpcf7-form-control wpcf7-email wpcf7-validates-as-required wpcf7-text wpcf7-validates-as-email\" aria-required=\"true\" aria-invalid=\"false\" placeholder=\"Courriel\" value=\"\" type=\"email\" name=\"email\" \/><\/span> <\/label>\n<\/p>\n<p><label><\/label><br \/>\n<label>R\u00e9solvez l'addition suivante (Protection SPAM)<br \/>\n<span class=\"wpcf7-form-control-wrap\" data-name=\"math-quiz\"><label><span class=\"wpcf7-quiz-label\">quarante plus deux=?<\/span> <input size=\"40\" class=\"wpcf7-form-control wpcf7-quiz\" autocomplete=\"off\" aria-required=\"true\" aria-invalid=\"false\" type=\"text\" name=\"math-quiz\" \/><\/label><input type=\"hidden\" name=\"_wpcf7_quiz_answer_math-quiz\" value=\"5ba939cdcdabc593c9454b0bc2f96166\" \/><\/span> <\/label>\n<\/p>\n<p><input class=\"wpcf7-form-control wpcf7-submit has-spinner nicdark_bg_yellow nicdark_shadow nicdark_zoom\" type=\"submit\" value=\"S&#039;inscrire\" \/>\n<\/p><div class=\"wpcf7-response-output\" aria-hidden=\"true\"><\/div>\n<\/form>\n<\/div>\n<\/div>\n<\/div>\n\n\n\n<p><\/p>\n","protected":false},"excerpt":{"rendered":"<p>Cette coupe de l&rsquo;Ain est r\u00e9serv\u00e9 aux adh\u00e9rant de clubs situ\u00e9s dans le d\u00e9partement de l&rsquo;Ain Tarif 10\u20ac \u00e0 payer sur place Pr\u00e9sentez vous imp\u00e9rativement au poste d&rsquo;inscription pour confirmer votre pr\u00e9sencem\u00eame si c&rsquo;est votre propre club qui a d\u00e9cid\u00e9 de payer pour ses membres Formulaire d&rsquo;inscription<\/p>\n","protected":false},"author":3,"featured_media":182,"parent":0,"menu_order":0,"comment_status":"closed","ping_status":"closed","template":"","meta":{"footnotes":""},"class_list":["post-793","page","type-page","status-publish","has-post-thumbnail","hentry"],"_links":{"self":[{"href":"https:\/\/grimptout.fr\/index.php\/wp-json\/wp\/v2\/pages\/793","targetHints":{"allow":["GET"]}}],"collection":[{"href":"https:\/\/grimptout.fr\/index.php\/wp-json\/wp\/v2\/pages"}],"about":[{"href":"https:\/\/grimptout.fr\/index.php\/wp-json\/wp\/v2\/types\/page"}],"author":[{"embeddable":true,"href":"https:\/\/grimptout.fr\/index.php\/wp-json\/wp\/v2\/users\/3"}],"replies":[{"embeddable":true,"href":"https:\/\/grimptout.fr\/index.php\/wp-json\/wp\/v2\/comments?post=793"}],"version-history":[{"count":12,"href":"https:\/\/grimptout.fr\/index.php\/wp-json\/wp\/v2\/pages\/793\/revisions"}],"predecessor-version":[{"id":1193,"href":"https:\/\/grimptout.fr\/index.php\/wp-json\/wp\/v2\/pages\/793\/revisions\/1193"}],"wp:featuredmedia":[{"embeddable":true,"href":"https:\/\/grimptout.fr\/index.php\/wp-json\/wp\/v2\/media\/182"}],"wp:attachment":[{"href":"https:\/\/grimptout.fr\/index.php\/wp-json\/wp\/v2\/media?parent=793"}],"curies":[{"name":"wp","href":"https:\/\/api.w.org\/{rel}","templated":true}]}}